igit of 93738840?
3
What is the hundred millions digit of 359194193?
3
What is the tens digit of 5824610709?
0
What is the hundred thousands digit of 106109337?
1
What is the hundred thousands digit of 41971314?
9
What is the tens digit of 165700112?
1
What is the hundred thousands digit of 809973880?
9
What is the tens digit of 7745000?
0
What is the millions digit of 181731715?
1
What is the ten millions digit of 941953957?
4
What is the hundred millions digit of 301457896?
3
What is the millions digit of 75707653?
5
What is the thousands digit of 45782441?
2
What is the ten millions digit of 89358445?
8
What is the ten thousands digit of 6594897779?
9
What is the millions digit of 853873333?
3
What is the hundred millions digit of 161293630?
1
What is the hundred millions digit of 388018995?
3
What is the ten millions digit of 726366277?
2
What is the hundreds digit of 43614665?
6
What is the billions digit of 2025479354?
2
What is the tens digit of 832283984?
8
What is the tens digit of 752916648?
4
What is the ten thousands digit of 1509482504?
8
What is the tens digit of 1135282773?
7
What is the hundred thousands digit of 133670318?
6
What is the thousands digit of 359417495?
7
What is the hundreds digit of 207169228?
2
What is the tens digit of 235297967?
6
What is the tens digit of 25932798?
9
What is the hundred thousands digit of 4666952?
6
What is the units digit of 29530164?
4
What is the ten thousands digit of 128663231?
6
What is the hundreds digit of 161955823?
8
What is the millions digit of 1955027696?
5
What is the hundred thousands digit of 57517505?
5
What is the billions digit of 3133525327?
3
What is the units digit of 1479818744?
4
What is the ten millions digit of 1776253490?
7
What is the thousands digit of 57111269?
1
What is the hundreds digit of 63807036?
0
What is the ten thousands digit of 5895111?
9
What is the billions digit of 2750538643?
2
What is the hundred millions digit of 919557804?
9
What is the tens digit of 3881325365?
6
What is the units digit of 21925850?
0
What is the ten thousands digit of 54877985?
7
What is the thousands digit of 6595077?
5
What is the tens digit of 230854010?
1
What is the ten millions digit of 86047920?
8
What is the hundred thousands digit of 322355757?
3
What is the units digit of 733446995?
5
What is the tens digit of 176571248?
4
What is the ten millions digit of 4736115501?
3
What is the hundred millions digit of 2645672363?
6
What is the millions digit of 3983052596?
3
What is the thousands digit of 140416520?
6
What is the units digit of 2609020187?
7
What is the hundred thousands digit of 5074309499?
3
What is the tens digit of 39248750?
5
What is the ten millions digit of 238267951?
3
What is the ten millions digit of 10386163?
1
What is the ten millions digit of 102086459?
0
What is the units digit of 49785891?
1
What is the ten thousands digit of 90532175?
3
What is the ten millions digit of 10111311?
1
What is the ten millions digit of 499782387?
9
What is the tens digit of 14568337?
3
What is the thousands digit of 88942418?
2
What is the ten thousands digit of 160842244?
4
What is the thousands digit of 2845788177?
8
What is the hundreds digit of 276014582?
5
What is the thousands digit of 99051893?
1
What is the hundreds digit of 551299522?
5
What is the millions digit of 227475982?
7
What is the hundred thousands digit of 266591551?
5
What is the hundreds digit of 55313599?
5
What is the units digit of 246241920?
0
What is the units digit of 152224504?
4
What is the units digit of 48858042?
2
What is the hundred millions digit of 118839659?
1
What is the units digit of 5685931?
1
What is the tens digit of 432591210?
1
What is the ten millions digit of 25151345?
2
What is the hundred millions digit of 698415675?
6
What is the millions digit of 3897495402?
7
What is the hundred thousands digit of 60364558?
3
What is the units digit of 55232598?
8
What is the units digit of 162986050?
0
What is the hundreds digit of 445555780?
7
What is the hundreds digit of 4126608?
6
What is the thousands digit of 863368326?
8
What is the millions digit of 1382699334?
2
What is the ten thousands digit of 2717849813?
4
What is the ten thousands digit of 153392884?
9
What is the tens digit of 1487753121?
2
What is the hundreds digit of 28000817?
8
What is the hundreds digit of 41912830?
8
What is the millions digit of 1290706734?
0
What is the hundreds digit of 2595951323?
3
What is the units digit of 26554087?
7
What is the units digit of 243865229?
9
What is the tens digit of 78342590?
9
What is the millions digit of 303719758?
3
What is the thousands digit of 11019374?
9
What is the thousands digit of 187087371?
7
What is the ten thousands digit of 349938361?
3
What is the units digit of 97330518?
8
What is the hundreds digit of 19568887?
8
What is the hundreds digit of 74438055?
0
What is the millions digit of 25103332?
5
What is the thousands digit of 219489510?
9
What is the units digit of 128846186?
6
What is the thousands digit of 343235976?
5
What is the millions digit of 139281753?
9
What is the thousands digit of 2826050751?
0
What is the tens digit of 1092175666?
6
What is the ten thousands digit of 6327216?
2
What is the hundred thousands digit of 5767436?
7
What is the ten millions digit of 3297779734?
9
What is the ten millions digit of 5626887961?
2
What is the units digit of 99269799?
9
What is the ten thousands digit of 372031405?
3
What is the millions digit of 17719476?
7
What is the ten thousands digit of 1268863648?
6
What is the hundred thousands digit of 33477316?
4
What is the ten millions digit of 246168475?
4
What is the hundred thousands digit of 1017112935?
1
What is the ten thousands digit of 6285583405?
8
What is the ten millions digit of 2366311303?
6
What is the ten millions digit of 64327069?
6
What is the hundred thousands digit of 33074581?
0
What is the millions digit of 19222444?
9
What is the tens digit of 89408846?
4
What is the ten millions digit of 1903108883?
0
What is the millions digit of 443615445?
3
What is the millions digit of 4180723173?
0
What is the thousands digit of 1177724778?
4
What is the units digit of 235290806?
6
What is the hundred millions digit of 440173950?
4
What is the millions digit of 72918755?
2
What is the thousands digit of 27532990?
2
What is the ten millions digit of 925703946?
2
What is the tens digit of 29238736?
3
What is the ten thousands digit of 83957895?
5
What is the ten thousands digit of 1114643554?
4
What is the ten thousands digit of 42859042?
5
What is the hundred millions digit of 238045919?
2
What is the hundred thousands digit of 282413634?
4
What is the units digit of 7110756?
6
What is the tens digit of 4102019243?
4
What is the hundreds digit of 87734691?
6
What is the tens digit of 143973031?
3
What is the millions digit of 156287127?
6
What is the tens digit of 37401110?
1
What is the tens digit of 5025859?
5
What is the hundreds digit of 460058325?
3
What is the hundreds digit of 259323050?
0
What is the units digit of 98812305?
5
What is the tens digit of 45154154?
5
What is the tens digit of 78881263?
6
What is the ten millions digit of 847083648?
4
What is the hundred millions digit of 291572498?
2
What is the tens digit of 236498626?
2
What is the hundred thousands digit of 441388284?
3
What is the millions digit of 153402511?
3
What is the millions digit of 70919820?
0
What is the units digit of 4634786102?
2
What is the thousands digit of 208030150?
0
What is the tens digit of 1990901257?
5
What is the thousands digit of 93747819?
7
What is the ten millions digit of 2217479276?
1
What is the tens digit of 251998822?
2
What is the billions digit of 1911577300?
1
What is the units digit of 90712529?
9
What is the billions digit of 2907120882?
2
What is the ten millions digit of 1098262934?
9
What is the hundred thousands digit of 509358582?
3
What is the units digit of 38926004?
4
What is the ten thousands digit of 3430025412?
2
What is the millions digit of 413542569?
3
What is the units digit of 2193789719?
9
What is the ten thousands digit of 212573712?
7
What is the ten millions digit of 94079704?
9
What is the units digit of 4046629954?
4
What is the ten thousands digit of 